5. What is the remainder when (5/15)/(1/g) is divided by 9?
7
Let u(o) = o + 2. Let y be u(-12). Calculate the remainder when 19 is divided by (4/(-8))/(1/y).
4
Suppose 5 = -0*d + d. Suppose -d*o + n = -0*o - 1305, 3*o - 770 = -2*n. Suppose -z - 4*z + o = 0. What is the remainder when z is divided by 18?
16
Let y = -9 + 17. Suppose 0*n + 4 = n. Suppose n*f - 4*q = q + 70, f - 23 = 4*q. What is the remainder when f is divided by y?
7
What is the remainder when 7 - 9 - 1*-17 is divided by 9?
6
Let j = -17 + 21. Let k = 31 + -17. Calculate the remainder when k is divided by j.
2
Suppose 76 = 7*l - 106. What is the remainder when 126 is divided by l?
22
Let q(p) = -7*p + 6. Let a(k) = -8*k. Let w be a(1). What is the remainder when q(w) is divided by 13?
10
Calculate the remainder when 56/21*(-249)/(-4) is divided by 42.
40
Let w be (-5)/(-2)*2*1. Let q(t) = t**3 - 6*t**2 + 8*t - 5. What is the remainder when 17 is divided by q(w)?
7
Suppose -52 - 158 = -5*n. Suppose -5*r + n = -2*r. Calculate the remainder when 27 is divided by r.
13
Suppose 0*p - c = -3*p + 1, -3*c = 4*p - 23. What is the remainder when (-2)/(0 - p) - -20 is divided by 12?
9
Let u(p) = -3*p - 3*p**3 + 7*p**3 - p**2 + 2*p - 9*p**3. What is the remainder when u(-1) is divided by 3?
2
Suppose 5*n + 6 = 4*n. Calculate the remainder when -2*6/4 - n is divided by 1.
0
Let h(b) = b**3 - 7*b**2 + 3*b + 3. What is the remainder when 45 is divided by h(7)?
21
Let l be -2 + -5 - (-3)/(-3). Let v be -2*(-2)/l*-94. Let u = v - 33. What is the remainder when 27 is divided by u?
13
Let f(i) = -6*i + 6. Calculate the remainder when f(-10) is divided by 26.
14
Suppose 3*n + 4*h - 184 = -n, -176 = -4*n - 2*h. Calculate the remainder when 165 is divided by n.
39
Let m(f) = -f**2 - 31*f + 32. Calculate the remainder when m(-25) is divided by 62.
58
Let n(i) = -2*i**3 - i**2 - i. What is the remainder when 82 is divided by n(-2)?
12
Suppose -2*y + 63 = -47. Suppose n - 44 = 3*k + 2*k, 4*n = 2*k + 86. What is the remainder when y is divided by n?
17
Suppose -r + 100 = 3*r. Calculate the remainder when 99 is divided by r.
24
Suppose -i - 1 + 2 = 0. Calculate the remainder when 2 is divided by i.
0
Let j = -4 + 8. Let g(u) = 10*u - 8*u - u**3 - 3 - 4 + 5*u**2. What is the remainder when j is divided by g(5)?
1
Suppose -18 = -4*x + x. What is the remainder when x is divided by (1 + 7/(-5))*-5?
0
Let c = 31 + -13. Suppose c = -4*u + 42. What is the remainder when u is divided by 2?
0
Calculate the remainder when 47 is divided by (-10 + 4)/(-1)*2.
11
Suppose 5*n = 20 + 20. Let v(u) = -u + 2. Calculate the remainder when n is divided by v(-3).
3
Let z = -9 + 5. Let j be (2 + z)*(-25 + -1). Suppose -4*d + j - 4 = 3*p, -2*d + 66 = 5*p. Calculate the remainder when 22 is divided by p.
10
What is the remainder when 6/(-27) + 9736/72 is divided by 34?
33
Let b(i) = 26*i - 1. Let j be b(2). Suppose 56 = -3*o - o. Let h = j + o. What is the remainder when h is divided by 13?
11
Suppose 2*v + 38 = 4*c, 8 = -c + 2*v + 19. Let d(z) = 7*z**2 + 3*z + 3. Calculate the remainder when d(-2) is divided by c.
7
Suppose -4*m = -3 + 55. Let q = -108 - -69. Let v = m - q. What is the remainder when v is divided by 9?
8
Suppose -2*s = -7*s + 45. Let d = 3 + s. What is the remainder when d is divided by 5?
2
Calculate the remainder when (-4)/34 - 6903/(-153) is divided by (-42)/(-3) - (-1 - 1).
13
Let g(j) = -j**2 - 5*j - 3. Let d(n) = n**2 - 6. Let i be d(0). Calculate the remainder when ((-2)/4)/(3/i) is divided by g(-4).
0
Let o(z) = -6*z + 1. What is the remainder when o(-3) is divided by 11?
8
Let r(d) = -d**2 + 7*d - 14. Let f be r(7). Let q = 0 - f. What is the remainder when 67 is divided by q?
11
Suppose -14*r + 8*r + 66 = 0. Calculate the remainder when (-4)/2 - -1*32 is divided by r.
8
Let f(g) = -7*g - 1. Suppose 0 = 5*c - 130 - 165. What is the remainder when c is divided by f(-3)?
19
Let x(l) = 2*l - 13. Calculate the remainder when 99 is divided by x(15).
14
Let g(q) = -q**3 - 4*q**2 - 7. Calculate the remainder when 3170/60 + 2/12 is divided by g(-5).
17
Calculate the remainder when 30 is divided by 5 + 6/(-3) - -15.
12
Suppose 0 = -5*w + w + 2*k + 72, 4*w - 5*k = 66. Calculate the remainder when 75 is divided by w.
18
Suppose 0 = -4*z + 5 - 1. Let h be 1/2 - (-1)/2. Suppose h = 2*p - p. Calculate the remainder when p is divided by z.
0
Let v be 0 - (2 - 21 - 0). Let n = -10 + v. Suppose -m = 1 - n. Calculate the remainder when 14 is divided by m.
6
Let q(b) = 4*b + 7. Let a = -73 + 82. What is the remainder when q(7) is divided by a?
8
Let u = -19 + 44. Let o = 5 - 8. Calculate the remainder when u is divided by 10 - (1 + o)/(-2).
7
Suppose d + 2*d = 57. Let a(z) = -z**2 - 7*z + 4. Calculate the remainder when d is divided by a(-6).
9
What is the remainder when 154/(-3)*9/(-6) is divided by 39?
38
Let w = 7 + 5. What is the remainder when 44 is divided by w?
8
Let d = 8 + -17. Let o = d - -3. What is the remainder when 23 is divided by (o/7)/((-1)/14)?
11
Suppose 4*z - 18 = z. Calculate the remainder when 10 is divided by z.
4
Suppose 3 - 1 = 2*h. Suppose j - 1 = h. Suppose 5*d - 4*y = 1, 3*y + 3 = 6. Calculate the remainder when j is divided by d.
0
Suppose 4*p = -p + 40. Suppose -3*z - 5*k - 14 = -65, z + 3*k - 13 = 0. Calculate the remainder when z is divided by p.
6
Suppose s = 5*h - 2, 0 = 3*h - 3. Suppose -4*x + 2*j + 14 = 0, -s*x = 2*j + j - 6. Let d = 6 - x. Calculate the remainder when 5 is divided by d.
2
Suppose w - 3*g - 20 = 0, -4*w - g - 2*g + 35 = 0. What is the remainder when 65 is divided by w?
10
Let q = -75 + 264. What is the remainder when q is divided by 32?
29
Let f = -36 + 48. What is the remainder when 44 is divided by f?
8
Let n be 4/(-6)*(-9)/2. Suppose -3*o + n*p - 5*p = -108, -6 = 2*p. Suppose -20 = -4*x + 32. Calculate the remainder when o is divided by x.
12
Suppose 3*v - 2*h = -17, -4*h - 19 = 4*v - 3*h. What is the remainder when (-774)/(-15) + (-2)/v is divided by 18?
16
Let d = 151 - 116. Calculate the remainder when 104 is divided by d.
34
Let b = 20 + -32. What is the remainder when ((-102)/(-5))/(b/(-30)) is divided by 26?
25
Let d(l) = -2*l - 8. Let a be 2 + 2 + 3 + -2. Suppose 2*n - 1 = o + 22, -a*n + 52 = 3*o. Calculate the remainder when n is divided by d(-6).
3
Let j be -1*(-3 + 1 + 3). Calculate the remainder when 45 is divided by 46*j*(-3)/6.
22
Suppose 0 = 2*a - 4*l - 90, -4*a + l = -284 + 83. What is the remainder when a is divided by ((-1)/(-2))/(1/26)?
12
Let g(b) = 1 - 2 - 6*b - 5 + 2. What is the remainder when g(-5) is divided by 9?
8
Calculate the remainder when 34 is divided by (-6 + 3 + -1)/(7/(-42)).
10
Let z = 9 + -4. Let o be z/(-2)*36/(-15). Calculate the remainder when 37 is divided by 1/2 - (-75)/o.
11
Suppose x - 9 = 3. Suppose 48 = 2*r + 2*l, -4*l - x = -r - 2*l. What is the remainder when r is divided by 11?
9
Suppose 5*v + 2 = 3*s - 5, -4*v = 4*s - 20. Let l(g) = g**3 - 4*g + 5. Calculate the remainder when l(s) is divided by (3 - 5) + 4*4.
11
Let h be (7/4)/(9/108). Let z(o) = 16*o**2 + 2. Let b be z(2). Suppose -5*r = h - b. What is the remainder when 16 is divided by r?
7
Suppose 5*j - 2*i = 2*i - 35, j + 3*i = 12. Calculate the remainder when 56 is divided by j/9 + (-116)/(-6).
18
Suppose -44 = -4*s - 0. Suppose -b + s = -0. Calculate the remainder when b is divided by 3.
2
Let w(m) = -m - 4. Let h = -23 + 16. Let l(a) = a. What is the remainder when l(3) is divided by w(h)?
0
Suppose 3*l = -3*y + 168, -2*l + 58 + 53 = 3*y. Calculate the remainder when l is divided by 20.
17
Let b = 106 - 92. Suppose -3*t + c = 3*c - 28, 0 = -2*t - 4*c + 24. Calculate the remainder when b is divided by t.
6
Let o(r) = 27*r - 21*r + 25*r + 20*r. Calculate the remainder when o(1) is divided by 13.
12
Suppose 4*b + 4 = 48. What is the remainder when 1 + 22 - 6/(10 + -7) is divided by b?
10
Let s = -55 - -57. What is the remainder when 8 is divided by s?
0
Let a = 192 - 122. Suppose 202 - a = 4*x. Calculate the remainder when x is divided by 12.
9
Suppose -90 = -2*j - 3*j. Let x(r) = r**3 - 2*r**2 + r + 52. Calculate the remainder when x(0) is divided by j.
16
Suppose -2 = -g - 1. Calculate the remainder when 9 is divided by 8 - (0 - (-2)/g).
3
Suppose -2*n + 